it of 42885780?
8
What is the tens digit of 254495102?
0
What is the thousands digit of 52184398?
4
What is the hundreds digit of 147928732?
7
What is the tens digit of 2115012082?
8
What is the hundred thousands digit of 1298518749?
5
What is the hundred millions digit of 3030720875?
0
What is the ten thousands digit of 1025915549?
1
What is the tens digit of 114848170?
7
What is the tens digit of 36188031?
3
What is the ten millions digit of 505179669?
0
What is the hundred millions digit of 3897753957?
8
What is the hundreds digit of 1354398377?
3
What is the millions digit of 319621458?
9
What is the ten millions digit of 1408560408?
0
What is the tens digit of 23478108?
0
What is the millions digit of 178783611?
8
What is the units digit of 2012951053?
3
What is the millions digit of 120604269?
0
What is the millions digit of 117348608?
7
What is the tens digit of 170681104?
0
What is the hundreds digit of 1334027?
0
What is the hundreds digit of 1278482548?
5
What is the tens digit of 251145755?
5
What is the millions digit of 599378341?
9
What is the units digit of 164802088?
8
What is the thousands digit of 2027144510?
4
What is the tens digit of 184638306?
0
What is the millions digit of 42264201?
2
What is the millions digit of 1383673498?
3
What is the ten millions digit of 58578032?
5
What is the ten thousands digit of 647421821?
2
What is the hundred thousands digit of 25077782?
0
What is the hundreds digit of 6359876728?
7
What is the hundred thousands digit of 51467578?
4
What is the ten millions digit of 3538456292?
3
What is the millions digit of 59712344?
9
What is the hundred millions digit of 426394794?
4
What is the ten millions digit of 801925476?
0
What is the millions digit of 463744854?
3
What is the millions digit of 96181915?
6
What is the hundred thousands digit of 166531599?
5
What is the units digit of 12615454?
4
What is the hundreds digit of 299570195?
1
What is the hundreds digit of 364502317?
3
What is the thousands digit of 303472401?
2
What is the billions digit of 2961753924?
2
What is the tens digit of 563549983?
8
What is the thousands digit of 7419368571?
8
What is the ten thousands digit of 241428073?
2
What is the hundred thousands digit of 42385017?
3
What is the billions digit of 1652839265?
1
What is the thousands digit of 1144321347?
1
What is the thousands digit of 4444001960?
1
What is the tens digit of 5174208099?
9
What is the hundred thousands digit of 1788907581?
9
What is the hundreds digit of 368589406?
4
What is the millions digit of 27998389?
7
What is the ten millions digit of 232472283?
3
What is the hundred thousands digit of 118940503?
9
What is the hundred thousands digit of 957960861?
9
What is the hundred thousands digit of 7327788250?
7
What is the hundred thousands digit of 55645159?
6
What is the billions digit of 3818685243?
3
What is the hundred thousands digit of 80533797?
5
What is the hundred thousands digit of 546469306?
4
What is the ten millions digit of 853004565?
5
What is the ten millions digit of 342900356?
4
What is the thousands digit of 34997496?
7
What is the tens digit of 482995272?
7
What is the hundred thousands digit of 417950057?
9
What is the ten millions digit of 193545270?
9
What is the hundred millions digit of 5956335976?
9
What is the millions digit of 400878709?
0
What is the hundreds digit of 9534172?
1
What is the hundreds digit of 2778105917?
9
What is the billions digit of 6179638549?
6
What is the millions digit of 318131472?
8
What is the millions digit of 499352464?
9
What is the hundred thousands digit of 1101375036?
3
What is the hundred thousands digit of 156101554?
1
What is the ten millions digit of 1369616254?
6
What is the thousands digit of 677539205?
9
What is the thousands digit of 170284124?
4
What is the thousands digit of 21868918?
8
What is the ten millions digit of 353991812?
5
What is the thousands digit of 84133573?
3
What is the millions digit of 159982666?
9
What is the units digit of 1596559778?
8
What is the ten millions digit of 57260574?
5
What is the hundred thousands digit of 59982543?
9
What is the millions digit of 3992746207?
2
What is the ten millions digit of 1134603662?
3
What is the hundred millions digit of 339325445?
3
What is the thousands digit of 224650121?
0
What is the ten thousands digit of 4275581?
7
What is the ten millions digit of 47011006?
4
What is the hundred millions digit of 389360617?
3
What is the hundreds digit of 3519545257?
2
What is the thousands digit of 5439342804?
2
What is the hundreds digit of 1565369617?
6
What is the tens digit of 2097145610?
1
What is the hundred thousands digit of 10374174?
3
What is the ten thousands digit of 124735395?
3
What is the units digit of 2910395951?
1
What is the ten millions digit of 1933668824?
3
What is the billions digit of 3120549885?
3
What is the ten millions digit of 213817423?
1
What is the hundreds digit of 2343499333?
3
What is the hundreds digit of 784421272?
2
What is the units digit of 287753062?
2
What is the millions digit of 1780938540?
0
What is the thousands digit of 3502725207?
5
What is the tens digit of 48371006?
0
What is the tens digit of 315088562?
6
What is the hundred millions digit of 266367109?
2
What is the thousands digit of 770072514?
2
What is the tens digit of 107257296?
9
What is the millions digit of 2878312192?
8
What is the units digit of 23460477?
7
What is the tens digit of 1147605382?
8
What is the millions digit of 111620788?
1
What is the hundred thousands digit of 89787754?
7
What is the tens digit of 47945064?
6
What is the ten millions digit of 44667447?
4
What is the hundred millions digit of 1596097336?
5
What is the millions digit of 72865110?
2
What is the units digit of 919716478?
8
What is the thousands digit of 61800329?
0
What is the ten millions digit of 50652828?
5
What is the units digit of 119197978?
8
What is the hundred millions digit of 664601274?
6
What is the ten thousands digit of 15525545?
2
What is the ten thousands digit of 279616676?
1
What is the millions digit of 577565581?
7
What is the units digit of 173870553?
3
What is the hundreds digit of 28322639?
6
What is the hundred millions digit of 178845659?
1
What is the millions digit of 48024706?
8
What is the hundred millions digit of 674279312?
6
What is the units digit of 688641?
1
What is the tens digit of 121487506?
0
What is the millions digit of 45878587?
5
What is the hundred thousands digit of 3724493?
7
What is the ten millions digit of 5942786021?
4
What is the tens digit of 20164366?
6
What is the millions digit of 184830071?
4
What is the ten millions digit of 506765348?
0
What is the hundreds digit of 119235011?
0
What is the billions digit of 1099281280?
1
What is the hundred thousands digit of 6693995?
6
What is the tens digit of 95678734?
3
What is the ten millions digit of 270608726?
7
What is the millions digit of 13020780?
3
What is the ten thousands digit of 60562949?
6
What is the hundred millions digit of 351229851?
3
What is the hundred millions digit of 411742065?
4
What is the units digit of 59589616?
6
What is the ten thousands digit of 76399408?
9
What is the hundred thousands digit of 785154799?
1
What is the hundred millions digit of 2856343917?
8
What is the millions digit of 22728670?
2
What is the hundreds digit of 62834879?
8
What is the hundreds digit of 126966060?
0
What is the hundreds digit of 4530057?
0
What is the hundred millions digit of 369750931?
3
What is the ten thousands digit of 6819886727?
8
What is the hundred thousands digit of 274429878?
4
What is the hundred thousands digit of 97342060?
3
What is the ten thousands digit of 1523713332?
1
What is the thousands digit of 1028757018?
7
What is the hundred millions digit of 387800775?
3
What is the hundreds digit of 57116861?
8
What is the millions digit of 544977153?
4
What is the tens digit of 90362382?
8
What is the hundred millions digit of 101298566?
1
What is the tens digit of 956892103?
0
What is the billions digit of 5311073334?
5
What is the hundred thousands digit of 38660017?
6
What is the thousands digit of 74748731?
8
What is the millions digit of 195735907?
5
What is the thousands digit of 90105897?
5
What is the thousan